53?
3, 23552651
What are the prime factors of 635545628?
2, 10867, 14621
What are the prime factors of 343317267?
3, 743, 51341
What are the prime factors of 224594482?
2, 7, 47, 173, 1973
List the prime factors of 837264160.
2, 5, 67, 83, 941
List the prime factors of 594336985.
5, 11, 10806127
List the prime factors of 212996763.
3, 7, 41, 27487
List the prime factors of 2935548969.
3, 27259, 35897
List the prime factors of 39735166.
2, 19867583
List the prime factors of 3692420.
2, 5, 23, 349
What are the prime factors of 42536989?
11, 937, 4127
List the prime factors of 358116261.
3, 71, 757, 2221
List the prime factors of 3668030066.
2, 19, 383, 252029
List the prime factors of 733588687.
13, 41, 1376339
List the prime factors of 19864437.
3, 757, 8747
List the prime factors of 842888755.
5, 107, 673, 2341
What are the prime factors of 959290507?
7, 29, 4725569
What are the prime factors of 252795421?
31, 8154691
What are the prime factors of 130037878?
2, 151, 430589
List the prime factors of 1205621021.
11, 251, 353, 1237
List the prime factors of 284199691.
284199691
What are the prime factors of 2080513667?
1031, 2017957
What are the prime factors of 28921058?
2, 263, 54983
List the prime factors of 24487018.
2, 271, 45179
List the prime factors of 2472915731.
11, 13, 353, 48989
List the prime factors of 525467480.
2, 5, 41, 373, 859
List the prime factors of 259242239.
37, 53, 132199
What are the prime factors of 61171784?
2, 7646473
List the prime factors of 6731822368.
2, 210369449
List the prime factors of 915297880.
2, 5, 7, 23, 311, 457
What are the prime factors of 3689022710?
2, 5, 19, 79, 245771
List the prime factors of 73599878.
2, 11, 71, 47119
List the prime factors of 280606731.
3, 227, 412051
What are the prime factors of 128528748?
2, 3, 1190081
What are the prime factors of 70389676?
2, 7, 197, 1823
List the prime factors of 613252562.
2, 13, 23586637
What are the prime factors of 371507054?
2, 2657, 69911
List the prime factors of 730145977.
11, 43, 1543649
List the prime factors of 125264082.
2, 3, 20877347
What are the prime factors of 18921184?
2, 591287
List the prime factors of 716250520.
2, 5, 17906263
What are the prime factors of 5238900414?
2, 3, 11, 523, 50591
What are the prime factors of 767607342?
2, 3, 67, 1093, 1747
List the prime factors of 2775447890.
2, 5, 277544789
List the prime factors of 171318665.
5, 7, 43, 67, 1699
What are the prime factors of 122400023?
6719, 18217
What are the prime factors of 245893286?
2, 122946643
List the prime factors of 150146539.
150146539
List the prime factors of 1354342129.
7, 193477447
List the prime factors of 85195190.
2, 5, 67, 127157
What are the prime factors of 1674867626?
2, 683, 1226111
List the prime factors of 3640734147.
3, 23, 31, 349, 4877
What are the prime factors of 1702195709?
31, 1559, 35221
List the prime factors of 18928906.
2, 9464453
What are the prime factors of 41360854?
2, 23, 899149
List the prime factors of 980077815.
3, 5, 97, 113, 1987
What are the prime factors of 76033513?
76033513
What are the prime factors of 9065132?
2, 2266283
List the prime factors of 124475690.
2, 5, 12447569
What are the prime factors of 190048186?
2, 157, 605249
List the prime factors of 411914930.
2, 5, 7, 17, 346147
List the prime factors of 65190449.
293, 222493
List the prime factors of 328591613.
7, 2789, 16831
What are the prime factors of 106129483?
106129483
What are the prime factors of 83355776?
2, 7, 31, 3001
List the prime factors of 81887516.
2, 59, 467, 743
What are the prime factors of 216663879?
3, 1279, 56467
List the prime factors of 348558462.
2, 3, 7, 395191
List the prime factors of 116912051.
61, 1916591
List the prime factors of 161234415.
3, 5, 1194329
List the prime factors of 416968335.
3, 5, 7, 73, 18133
List the prime factors of 100161320.
2, 5, 7, 23, 103, 151
List the prime factors of 1365671656.
2, 787, 216911
List the prime factors of 54112441.
3307, 16363
List the prime factors of 3839119331.
233, 16476907
List the prime factors of 2223283029.
3, 11, 67372213
What are the prime factors of 67490008?
2, 263, 32077
List the prime factors of 569436913.
17, 47, 712687
List the prime factors of 29963501.
29963501
What are the prime factors of 73400133?
3, 24466711
What are the prime factors of 709274312?
2, 37, 2396197
List the prime factors of 186188704.
2, 13, 447569
What are the prime factors of 857337604?
2, 23, 97, 4177
What are the prime factors of 143847716?
2, 35961929
What are the prime factors of 26509469?
7, 3787067
List the prime factors of 523994027.
19, 23, 223, 283
What are the prime factors of 49296926?
2, 7, 29, 121421
List the prime factors of 84271287.
3, 23, 53101
What are the prime factors of 327812855?
5, 65562571
What are the prime factors of 66822507?
3, 7424723
What are the prime factors of 2063539285?
5, 12161, 33937
List the prime factors of 223440402.
2, 3, 37240067
List the prime factors of 52171707.
3, 7, 197, 12611
What are the prime factors of 163345517?
23, 41, 173219
List the prime factors of 701667487.
701667487
List the prime factors of 1370018808.
2, 3, 19028039
List the prime factors of 51701890.
2, 5, 67, 77167
List the prime factors of 113457087.
3, 12606343
List the prime factors of 551639052.
2, 3, 17, 53, 5669
List the prime factors of 74648776.
2, 9331097
What are the prime factors of 48311314?
2, 17, 1420921
List the prime factors of 130824268.
2, 83, 394049
What are the prime factors of 392191098?
2, 3, 13, 5028091
What are the prime factors of 1722241019?
1433, 1201843
List the prime factors of 125082424.
2, 15635303
List the prime factors of 1119196259.
8273, 135283
List the prime factors of 676418049.
3, 17, 4421033
What are the prime factors of 12513604?
2, 3128401
List the prime factors of 741060963.
3, 82340107
List the prime factors of 5290816.
2, 19, 229
What are the prime factors of 9084115?
5, 601, 3023
List the prime factors of 702122435.
5, 7, 20060641
What are the prime factors of 7412530251?
3, 7, 5171, 68261
List the prime factors of 455206841.
17, 26776873
What are the prime factors of 336750099?
3, 7, 2290817
What are the prime factors of 1923914243?
1923914243
List the prime factors of 4250444234.
2, 683, 3111599
What are the prime factors of 4045779665?
5, 1867, 433399
What are the prime factors of 535371165?
3, 5, 7, 83, 20477
List the prime factors of 2681223420.
2, 3, 5, 29, 67, 109, 211
What are the prime factors of 722743449?
3, 41, 673, 8731
List the prime factors of 27924921.
3, 23, 313, 431
What are the prime factors of 277384613?
11, 25216783
What are the prime factors of 15798089?
15798089
What are the prime factors of 244093030?
2, 5, 59, 71, 5827
List the prime factors of 434131824.
2, 3, 7, 647, 1997
What are the prime factors of 3240176427?
3, 18047, 19949
List the prime factors of 6317394.
2, 3, 1052899
List the prime factors of 1146174402.
2, 3, 9181, 20807
What are the prime factors of 1281153807?
3, 4027, 11783
What are the prime factors of 151111109?
53, 2851153
What are the prime factors of 10084511?
23, 131, 3347
List the prime factors of 172729398.
2, 3, 127, 419, 541
List the prime factors of 317785133.
73, 4353221
What are the prime factors of 348650760?
2, 3, 5, 19, 29, 5273
What are the prime factors of 42016817?
953, 44089
List the prime factors of 106135548.
2, 3, 8844629
List the prime factors of 36941126.
2, 18470563
List the prime factors of 8489417.
8489417
List the prime factors of 42913818.
2, 3, 19, 179, 701
List the prime factors of 306644.
2, 13, 5897
What are the prime factors of 5533603?
109, 50767
What are the prime factors of 223722700?
2, 5, 877, 2551
List the prime factors of 284832730.
2, 5, 7, 13, 313003
What are the prime factors of 17899526?
2, 71, 233, 541
What are the prime factors of 34016214?
2, 3, 59, 307, 313
What are the prime factors of 110904003?
3, 7, 251483
List the prime factors of 115529599.
857, 134807
List the prime factors of 945490112.
2, 7, 2110469
List the prime factors of 316185799.
439, 720241
List the prime factors of 3734295494.
2, 179, 641, 16273
What are the prime factors of 13103717?
11, 1191247
List the prime factors of 460729823.
331, 1391933
List the prime factors of 3535112284.
2, 11, 73